) = 95*i**3 - 5*i**2 + 5*i - 5. Suppose 14 = -3*b + 5*d, d + 1 = 3*b - 1. Is s(b) prime?
False
Let f = 10 - -105. Let c = 60 - 108. Let h = c + f. Is h prime?
True
Let x(m) = -396*m**2 + 17*m - 20. Let t(a) = -132*a**2 + 6*a - 7. Let k(n) = 17*t(n) - 6*x(n). Suppose 3*i + 1 = 4. Is k(i) a prime number?
False
Let o = -257 - -1280. Suppose 4*n - o = 2*n - 3*p, 3*n + 2*p = 1542. Suppose 7*f - n = 3145. Is f a prime number?
True
Let r(v) = -v**3 + 19*v**2 - 17*v - 6. Is r(-13) prime?
True
Suppose 0 = -38*i + 332944 + 135178. Is i a composite number?
True
Suppose -4*n = n + 15. Let s = n + 6. Suppose -251 = -s*w + 4*l, -16 = 2*w + 2*l - 188. Is w prime?
False
Let h(u) = -28*u + 7. Let d(n) = -27*n + 5. Let s(p) = 6*d(p) - 7*h(p). Is s(6) prime?
False
Suppose 56537 = 10*u + 1137. Suppose 4*v = -d + 11758, 3*d - 344 = -2*v + u. Is v a composite number?
False
Let t(x) = 73*x + 6. Let j be t(-4). Let g = j - -921. Is g a prime number?
False
Suppose -529 - 251 = -5*r. Suppose 2*o = r + 110. Is o composite?
True
Let v be (0 + 3)/((-36)/(-24)). Let w(t) = t**3 - 5*t**2 + t + 2. Let u be w(v). Let c(k) = -k**3 - 4*k**2 - 2*k - 10. Is c(u) prime?
False
Suppose 0 = -4*n - 4*b + 12, 3*b - 11 = -3*n + b. Suppose z - n*z = 4*r, -5*r + 3*z + 40 = 0. Suppose x - 25 = 4*k, 0*x = 5*x + r*k - 50. Is x composite?
False
Suppose -9*w = -7078 - 1409. Is w a composite number?
True
Let u(l) = 1 - 17*l**3 - 14*l**3 + 4 - 2*l - 3. Suppose 0 = -5*c - 5, v + c + 7 = -4*c. Is u(v) a composite number?
True
Suppose 34*u + 388788 = 1654166. Is u a prime number?
True
Suppose 0 = 3*b - 4*l - 21 - 17, -4*l + 4 = 4*b. Suppose -b*x = -14*x + 7016. Is x composite?
False
Let j = -23 - -28. Suppose 0 = -0*p + p - j*n + 57, -3*n - 228 = 4*p. Let r = 218 + p. Is r prime?
False
Let c(t) = 3*t**3 + 2*t**2 + t - 4. Let d be c(-7). Let j = -284 - d. Suppose 2*f - 160 - j = 0. Is f composite?
False
Let f(n) = -n**3 + 9*n**2 - 7*n - 2. Let o be f(8). Let z be (o/(-3) - -2)/(-1). Suppose -p + z*p = -93. Is p a composite number?
True
Suppose 9*j + 1722 = 11991. Is j a prime number?
False
Let a = -15 - -5. Let q = a - -10. Suppose 0 = -p - 2*p + 4*z + 1005, -3*p - 5*z + 1032 = q. Is p composite?
True
Suppose 2*c = -v + c + 3268, 3*c + 9822 = 3*v. Is v a composite number?
False
Let y(h) = -h**3 - 8*h**2 + 4. Let j be y(-8). Suppose 0 = j*d - 217 - 643. Suppose 3*z - d = 166. Is z a composite number?
False
Let i(o) = -o**3 - 13*o**2 - 21*o + 18. Let m be 2*-9 + 4 + -5 + 2. Is i(m) a composite number?
False
Let t be 6 - (-1 + 4 - 1). Suppose -4*h - 508 = -4*p, -p = t*h - 105 - 42. Is p prime?
True
Let j(c) = -15*c**2 + 390*c**2 + 1 + 12*c**2 + 22*c**2 - c. Is j(1) prime?
True
Suppose 0 = -72*p + 4435537 - 78745. Is p composite?
True
Is 1*6593 - (-10 + 15 + -11) composite?
False
Let p = 1537 + -2638. Is (-30)/9*p/2 prime?
False
Suppose c + 5*k - 58772 = 0, 10*k = -3*c + 6*k + 176349. Is c a composite number?
False
Let f = 83 - -456. Suppose -5*q + f + 2216 = 0. Is q prime?
False
Suppose 8*j + 12040 = -0*j. Let d = j + 2983. Is d a composite number?
True
Let g be (3284/(-6))/((-120)/18 + 6). Let h = -474 + g. Is h prime?
True
Suppose 0 = 5*v - 25, v = c - 16458 + 1212. Suppose 4*z - c = -w + 5143, -3*z + 15296 = w. Is z prime?
False
Let v(f) = -f**3 + 16*f**2 + f - 16. Suppose -5*t + 87 = d - 4*d, 20 = -5*d. Let a be v(t). Is (-14)/21 - a/(-3) composite?
True
Let a(v) = v**3 - 10*v**2 - 12*v + 13. Let m be a(11). Is (16/12 - -2)/(m/39) a composite number?
True
Let i be 3/((2/12)/(4/(-8))). Is (-2 - -1)/(i/3771) a prime number?
True
Let z(c) = 1081*c**2 + c - 8. Let w be z(2). Let i = w - 2947. Is i prime?
False
Suppose -82*t + 55593 = -150473. Is t prime?
False
Let o(j) = 720*j**2 - 91*j - 1. Is o(-8) a prime number?
True
Let a = 3842 - 1900. Suppose -5*c + a = -4323. Is c a composite number?
True
Let t(c) = -4391*c - 120. Is t(-1) composite?
False
Let d(b) = 29*b**2 - 3*b + 8. Suppose 0*i = -4*i + 28. Let r be d(i). Suppose 3*k - 1199 = r. Is k a composite number?
True
Let k(b) = b**3 + 9*b**2 - 9*b + 10. Let i be k(-10). Suppose -5*y - 2*z - 2 = -i, -y - 1 = z. Suppose y = -3*w - 17 + 662. Is w a composite number?
True
Is (-909)/(-3) + 2/(4/(-2)) prime?
False
Let z(s) = -6*s**2 - 5*s - 2. Let v be z(-5). Let h = v - -185. Is h a composite number?
True
Let r = -15 - -8. Let g = r - -2. Let d(m) = -2*m**3 - 5*m**2 - 5*m + 7. Is d(g) composite?
False
Is (1 - 3)/((-20)/14710) composite?
False
Let h = 12048 + -7663. Is h a composite number?
True
Let g(h) = 269*h + 32. Is g(7) a composite number?
True
Suppose 5 = -2*i - 1. Let t(p) = -p + 1. Let v be t(i). Suppose -5*y + 1697 = v*g - 0*g, 0 = 3*g - 9. Is y a prime number?
True
Suppose 0 = -2*b - 8, -2*d + 3*b = -b. Let z(l) = 18*l**2 - 4*l - 4. Let m be z(d). Suppose -4*a = -0*a - m. Is a a composite number?
True
Let z = -648 + 48211. Is z prime?
True
Suppose -i = 4*i - 5. Let a be 4 - i*(-2)/2. Let u = a + 9. Is u a prime number?
False
Let i(b) = b**2 + 4781. Let l be i(0). Suppose 0*x - 2*x + 6340 = -4*k, -5*x = 3*k + l. Is k/(-9) - 2/(-3) prime?
False
Let f(x) = -57*x**2 - 2. Suppose 0 = -8*m + 3*m + 15. Let c be f(m). Let p = c + 726. Is p a composite number?
False
Let h be 7 + (-3)/(-1) + 1. Let m = -15 + h. Let y(i) = -41*i + 13. Is y(m) a composite number?
True
Suppose 0 = 2*i + 3*m - 22, 2*i + 2*i - 4*m - 24 = 0. Is 14/(3/(276/i)) prime?
False
Let f = -42 - -36. Is f/(-4)*55 - 27/(-54) prime?
True
Let u(p) = 19*p**2 - 6*p + 1. Let t be u(-6). Suppose 4*c + 147 = -t. Let y = 662 + c. Is y composite?
True
Let l be -2*(-3)/6*-4. Let v(x) = x**2 + 4*x + 2. Let k be v(l). Suppose k*n - 101 + 27 = 0. Is n a composite number?
False
Is (-3)/7 - 29087612/(-721) prime?
True
Let y(a) be the second derivative of a**5/20 + 3*a**4/2 - 2*a**3/3 - 13*a**2/2 + 9*a. Is y(-18) prime?
True
Let i(c) = -c**2 - 4*c - 5. Let w be i(-3). Is (w/6)/(3/(-2979)) prime?
True
Is ((-2346)/136)/((-47)/44 + 1) composite?
True
Suppose -49*y + 16135 = -42*y. Is y prime?
False
Let y(o) = -246*o - 43. Is y(-15) composite?
True
Let j = 1239 + -326. Is j composite?
True
Let u(w) = w**2 - 2*w - 11. Let p be u(5). Is (-37)/p*84/(-3) prime?
False
Let j = -19218 + 33605. Is j prime?
True
Suppose 11*c - 9748 = 7*c. Is c composite?
False
Let z = 6 - -3. Let l(b) = 6 + 4 - 2 + 7*b. Is l(z) a prime number?
True
Let o be ((-8)/(-5))/((-18)/(-45)). Suppose o*p - 338 = 550. Suppose 117 + p = f. Is f prime?
False
Let j(t) = -4*t - 11. Let v be j(-4). Suppose m = 5, 366 = v*q + 4*m - 1009. Is q composite?
False
Suppose 54614 = -151*c + 165*c. Is c prime?
False
Suppose 2*g - 3 = 3*n - 2*n, 3*g = 5*n - 6. Let p(t) = 3*t**3 - t**2 + 6*t + 1. Is p(n) composite?
True
Let p be (3/2)/(9/(-12)). Let h = p + 7. Suppose 2*q - 4*t - 601 = 821, h*t + 2856 = 4*q. Is q a composite number?
False
Let r be 5/((-17)/(-6) + -3). Let i = 34 + r. Suppose -74 = -2*c - 2*p, 29 + 8 = c - i*p. Is c a prime number?
True
Suppose -3*s - 6 = -6*s. Suppose -s*c + 828 = 2*k, k - 90 = -3*c + 326. Is k prime?
False
Suppose 4*o + 3*t + 22 - 6 = 0, -o - t = 5. Let b = -185 - -178. Is -327*(-2)/(o - b) a prime number?
True
Let w(j) = j**2 + 8. Let o be w(0). Suppose 385 = -3*h + o*h. Is h composite?
True
Suppose 0 = -4*b + 3*r - 63, -4 = -r + 1. Is ((-824)/b - 3)/((-1)/(-6)) composite?
True
Suppose -q - 3 = -3*r, 5*q + 5*r + 0*r = -15. Let g be 0 - ((-2 - -1) + q). Suppose -227 - 197 = -g*z. Is z prime?
False
Is (-6731)/3*((-28)/(-4) + -10) prime?
False
Let z(m) = m**3 + 23*m**2 - 23*m + 19. Let h be z(-20). Let c = 2586 - h. Is c a prime number?
True
Suppose -802*u + 806*u - 172 = 0. Is u composite?
False
Is (-249890)/(-40) - (-1)/(-16)*4 prime?
True
Let s(u) = -u - 15. Let q be s(-9). Let g(x) = 2*x**2 + 10*x + 14. Is g(q) a prime number?
False
Let t = -659 - -387. Let a = 29 - t. Let o = a - 160. Is o a composite number?
True
Suppose -11736 = -3*r + 5*n, -2*n = -4*r + 7397 + 8237. Is r a composite number?
False
Suppose -196 + 2110 = 6*a. Is a a prime number?
False
Suppose 5*w = -5*d + 4010, -w - 3*d - 2*d + 790 = 0. Suppose 2310 = 7*m - w. Is m composite?
True
Let o(d) = 2*d**2 + 4*d + 1. Let z be o(-3). Suppose 0 = -r + 5 - z, r = -q + 563. Is q prime?
False
Suppose 2*a + 3*a = -5, 4*v + 4*a = 688. Is (-20)/30 + v/3 a prime num